{"id":2634,"date":"2021-03-04T16:30:12","date_gmt":"2021-03-04T15:30:12","guid":{"rendered":"https:\/\/www.zsp9-poznan.pl\/?page_id=2634"},"modified":"2021-03-04T16:30:12","modified_gmt":"2021-03-04T15:30:12","slug":"dla-rodzicow","status":"publish","type":"page","link":"https:\/\/zsp9.poznan.pl\/?page_id=2634","title":{"rendered":"Dla rodzic\u00f3w"},"content":{"rendered":"\n<p>Poradnia Psychologiczno-Pedagogiczna\u00a0\u00a0nr 4 Pozna\u0144,\u00a0 <\/p>\n\n\n\n<p>Pi\u0105tkowo Os. Boles\u0142awa Chrobrego 105, 60-681 Pozna\u0144, tel.: 61 8234431<\/p>\n\n\n\n<p>Poradnia prowadzi badania dzieci i m\u0142odzie\u017cy w celu okre\u015blenia ich poziomu rozwoju, wskazania przyczyn trudno\u015bci szkolnych i emocjonalnych. Obejmujemy terapi\u0105 psychologiczn\u0105 dzieci i uczni\u00f3w z wysokim poziomem l\u0119ku, zaburzeniami zachowania i od\u017cywiania. Pedagodzy pracuj\u0105 z dzie\u0107mi z g\u0142\u0119bok\u0105 dysleksj\u0105 rozwojow\u0105, a tak\u017ce z deficytami funkcji wa\u017cnych w nauce pisania, czytania i liczenia. Terapi\u0119 logopedyczn\u0105 prowadzimy dla dzieci i uczni\u00f3w ze z\u0142o\u017conymi wadami wymowy, afazj\u0105 i mutyzmem.&nbsp;<\/p>\n\n\n\n<p>Szczeg\u00f3\u0142y znajd\u0105 Pa\u0144stwo na naszej stronie internetowej <a href=\"http:\/\/www.ppp4.pl\">www.ppp4.pl<\/a><\/p>\n\n\n\n<figure class=\"wp-block-image size-large\"><img loading=\"lazy\" width=\"1024\" height=\"768\" src=\"https:\/\/www.zsp9-poznan.pl\/wp-content\/uploads\/2018\/11\/19-1024x768.jpg\" alt=\"\" class=\"wp-image-159\" srcset=\"https:\/\/zsp9.poznan.pl\/wp-content\/uploads\/2018\/11\/19-1024x768.jpg 1024w, https:\/\/zsp9.poznan.pl\/wp-content\/uploads\/2018\/11\/19-300x225.jpg 300w, https:\/\/zsp9.poznan.pl\/wp-content\/uploads\/2018\/11\/19-768x576.jpg 768w\" sizes=\"(max-width: 1024px) 100vw, 1024px\" \/><\/figure>\n","protected":false},"excerpt":{"rendered":"<p>Poradnia Psychologiczno-Pedagogiczna\u00a0\u00a0nr 4 Pozna\u0144,\u00a0 Pi\u0105tkowo Os. Boles\u0142awa Chrobrego 105, 60-681 Pozna\u0144, tel.: 61 8234431 Poradnia prowadzi badania dzieci i m\u0142odzie\u017cy w celu okre\u015blenia ich poziomu rozwoju, wskazania przyczyn trudno\u015bci szkolnych i emocjonalnych. Obejmujemy terapi\u0105 psychologiczn\u0105 dzieci i uczni\u00f3w z wysokim poziomem l\u0119ku, zaburzeniami zachowania i od\u017cywiania. Pedagodzy pracuj\u0105 z dzie\u0107mi [&hellip;]<\/p>\n","protected":false},"author":2,"featured_media":0,"parent":0,"menu_order":0,"comment_status":"closed","ping_status":"closed","template":"","meta":[],"_links":{"self":[{"href":"https:\/\/zsp9.poznan.pl\/index.php?rest_route=\/wp\/v2\/pages\/2634"}],"collection":[{"href":"https:\/\/zsp9.poznan.pl\/index.php?rest_route=\/wp\/v2\/pages"}],"about":[{"href":"https:\/\/zsp9.poznan.pl\/index.php?rest_route=\/wp\/v2\/types\/page"}],"author":[{"embeddable":true,"href":"https:\/\/zsp9.poznan.pl\/index.php?rest_route=\/wp\/v2\/users\/2"}],"replies":[{"embeddable":true,"href":"https:\/\/zsp9.poznan.pl\/index.php?rest_route=%2Fwp%2Fv2%2Fcomments&post=2634"}],"version-history":[{"count":3,"href":"https:\/\/zsp9.poznan.pl\/index.php?rest_route=\/wp\/v2\/pages\/2634\/revisions"}],"predecessor-version":[{"id":2638,"href":"https:\/\/zsp9.poznan.pl\/index.php?rest_route=\/wp\/v2\/pages\/2634\/revisions\/2638"}],"wp:attachment":[{"href":"https:\/\/zsp9.poznan.pl\/index.php?rest_route=%2Fwp%2Fv2%2Fmedia&parent=2634"}],"curies":[{"name":"wp","href":"https:\/\/api.w.org\/{rel}","templated":true}]}}