{"id":628,"date":"2019-02-26T17:54:29","date_gmt":"2019-02-26T17:54:29","guid":{"rendered":"https:\/\/www.zsp9-poznan.pl\/?page_id=628"},"modified":"2020-01-28T16:36:59","modified_gmt":"2020-01-28T16:36:59","slug":"biblioteka","status":"publish","type":"page","link":"https:\/\/zsp9.poznan.pl\/?page_id=628","title":{"rendered":"BIBLIOTEKA"},"content":{"rendered":"<p>Biblioteka \u2013 serce Szko\u0142y.<\/p>\n<p>Szkolna biblioteka znajduje si\u0119 w sercu szko\u0142y i z pewno\u015bci\u0105 pozwala jej t\u0119tni\u0107 \u017cyciem. W bogatym ksi\u0119gozbiorze obfitym w dzie\u0142a klasyczne i nowo\u015bci wydawnicze z pewno\u015bci\u0105 znajd\u0105 co\u015b dla siebie zar\u00f3wno najm\u0142odsi jak i najstarsi czytelnicy. Zbiory biblioteki udost\u0119pniane s\u0105 przedszkolakom, uczniom, nauczycielom, rodzicom i mieszka\u0144com Umultowa. Najm\u0142odsi wybiera\u0107 mog\u0105 spo\u015br\u00f3d bogato ilustrowanych czytanek i bajek, uczniowie opr\u00f3cz lektur zaczytywa\u0107 si\u0119 mog\u0105 popularnymi powie\u015bciami, w dziale dla doros\u0142ych swoje miejsce zaj\u0119\u0142y min. biografie, reporta\u017ce, powie\u015bci historyczne, obyczajowe i krymina\u0142y. Biblioteka otwarta jest na sugestie czytelnik\u00f3w, dlatego te\u017c ka\u017cdy mo\u017ce wzbogaci\u0107 ksi\u0119gozbi\u00f3r propozycj\u0105 wymarzonej, ulubionej lektury.<\/p>\n<p>Biblioteka jest r\u00f3wnie\u017c miejscem spotka\u0144. Odbywaj\u0105 si\u0119 w niej spotkania Klubu Po\u017ceraczy Ksi\u0105\u017cek, prelekcje, spotkania z ciekawymi osobisto\u015bciami. Podczas przerw uczniowie wypocz\u0105\u0107 mog\u0105 tu na wygodnych kanapach, kt\u00f3re pozwalaj\u0105 przenie\u015b\u0107 si\u0119 ka\u017cdemu w niesamowity \u015bwiat ksi\u0105\u017cki.<\/p>\n<p>Godziny otwarcia:<\/p>\n<p>Biblioteka czynna jest od poniedzia\u0142ku do pi\u0105tku w godzinach od 8.00 \u2013 14.00.<\/p>\n<p>W wyj\u0105tkowych sytuacjach biblioteka bywa zamkni\u0119ta, za co z g\u00f3ry przepraszamy.<\/p>\n","protected":false},"excerpt":{"rendered":"<p>Biblioteka \u2013 serce Szko\u0142y. Szkolna biblioteka znajduje si\u0119 w sercu szko\u0142y i z pewno\u015bci\u0105 pozwala jej t\u0119tni\u0107 \u017cyciem. W bogatym ksi\u0119gozbiorze obfitym w dzie\u0142a klasyczne i nowo\u015bci wydawnicze z pewno\u015bci\u0105 znajd\u0105 co\u015b dla siebie zar\u00f3wno najm\u0142odsi jak i najstarsi czytelnicy. Zbiory biblioteki udost\u0119pniane s\u0105 przedszkolakom, uczniom, nauczycielom, rodzicom i mieszka\u0144com [&hellip;]<\/p>\n","protected":false},"author":2,"featured_media":0,"parent":2114,"menu_order":0,"comment_status":"closed","ping_status":"closed","template":"","meta":[],"_links":{"self":[{"href":"https:\/\/zsp9.poznan.pl\/index.php?rest_route=\/wp\/v2\/pages\/628"}],"collection":[{"href":"https:\/\/zsp9.poznan.pl\/index.php?rest_route=\/wp\/v2\/pages"}],"about":[{"href":"https:\/\/zsp9.poznan.pl\/index.php?rest_route=\/wp\/v2\/types\/page"}],"author":[{"embeddable":true,"href":"https:\/\/zsp9.poznan.pl\/index.php?rest_route=\/wp\/v2\/users\/2"}],"replies":[{"embeddable":true,"href":"https:\/\/zsp9.poznan.pl\/index.php?rest_route=%2Fwp%2Fv2%2Fcomments&post=628"}],"version-history":[{"count":1,"href":"https:\/\/zsp9.poznan.pl\/index.php?rest_route=\/wp\/v2\/pages\/628\/revisions"}],"predecessor-version":[{"id":629,"href":"https:\/\/zsp9.poznan.pl\/index.php?rest_route=\/wp\/v2\/pages\/628\/revisions\/629"}],"up":[{"embeddable":true,"href":"https:\/\/zsp9.poznan.pl\/index.php?rest_route=\/wp\/v2\/pages\/2114"}],"wp:attachment":[{"href":"https:\/\/zsp9.poznan.pl\/index.php?rest_route=%2Fwp%2Fv2%2Fmedia&parent=628"}],"curies":[{"name":"wp","href":"https:\/\/api.w.org\/{rel}","templated":true}]}}